66 + -2255?
10111
In base 6, what is -1101 + 20025025?
20023524
In base 10, what is 11890 - -67157?
79047
In base 2, what is -10100101000000010 - -1000111101100?
-10011100000010110
In base 9, what is -3 + 15708468?
15708465
In base 3, what is 121201 - -1212101221?
1220000122
In base 13, what is -a014 - -611a?
-3bc7
In base 12, what is 1a8 + -63a0?
-61b4
In base 3, what is 10012220021022102 + 11?
10012220021022120
In base 13, what is 6086a242 + -1?
6086a241
In base 12, what is -58b3495 - -13?
-58b3482
In base 15, what is 4 + 13733d8?
13733dc
In base 10, what is -4 + 1795156?
1795152
In base 9, what is -38670853 + 3?
-38670850
In base 13, what is -9aa + 57?
-953
In base 8, what is 11 + -156220173?
-156220162
In base 16, what is -2 - 3ba548?
-3ba54a
In base 16, what is -33 - -4dd546?
4dd513
In base 6, what is 3 - -31022?
31025
In base 12, what is 170 - 5728?
-5578
In base 2, what is -1100 + -10010111010000010010001?
-10010111010000010011101
In base 3, what is 21001 - -1112002100222?
1112002122000
In base 14, what is -178c2c2 + 2?
-178c2c0
In base 14, what is 18c0 - -1853?
3333
In base 16, what is ac2830 + -1?
ac282f
In base 10, what is -68 - 11086152?
-11086220
In base 14, what is 1975 + 214?
1b89
In base 10, what is 12117410 + 4?
12117414
In base 9, what is -267618 - -637?
-266871
In base 14, what is -6d33b - -25?
-6d316
In base 7, what is 131453121 - -3?
131453124
In base 14, what is -db - -30bdb?
30b00
In base 8, what is 53105 + 322?
53427
In base 4, what is 32133110230 - 131?
32133110033
In base 14, what is -3 + -142a695?
-142a698
In base 10, what is 2512145 - 12?
2512133
In base 8, what is -4 - -2131561?
2131555
In base 9, what is 0 + -2824380?
-2824380
In base 3, what is -20200221210100120 + -1?
-20200221210100121
In base 9, what is -3645 + -26407?
-31153
In base 14, what is -27 - 12c481?
-12c4a8
In base 2, what is -100000111110111 - 1000110101001?
-101001110100000
In base 13, what is 46 - -1355?
139b
In base 14, what is 18a466 + -1?
18a465
In base 3, what is -10121121200021 + 20112?
-10121121102202
In base 14, what is 9 - c7167?
-c715c
In base 6, what is 44 - -52135505?
52135553
In base 15, what is -3648 - 2ed?
-3946
In base 3, what is 202001200020 - -101?
202001200121
In base 5, what is 33200 - -1241431?
1330131
In base 2, what is -101000100011011001 + 0?
-101000100011011001
In base 6, what is -134053 - 2025?
-140122
In base 16, what is 1f4de7f - 5?
1f4de7a
In base 15, what is -1b5 - -6634d?
66188
In base 14, what is 5 + -4b97c1a?
-4b97c15
In base 3, what is -220121 - 220101201222?
-220102122120
In base 11, what is 314 - 1848a5?
-184591
In base 11, what is -385a - 2420?
-617a
In base 4, what is -1110300 + -1120?
-1112020
In base 12, what is 1689a + 189b?
18579
In base 11, what is 1693 - 4a40?
-3358
In base 4, what is 223101121032 - 1?
223101121031
In base 6, what is -4501411411 + -3?
-4501411414
In base 8, what is -1062402364 + 4?
-1062402360
In base 9, what is -4000 + 400?
-3500
In base 13, what is -6 + -a94219?
-a94222
In base 10, what is 19293 + -6?
19287
In base 7, what is 1501040 + 30?
1501100
In base 3, what is -1220220010 + 200100?
-1220012210
In base 6, what is 123250142 - -33?
123250215
In base 11, what is -22a23 - -289?
-22745
In base 13, what is 2c05180 + -b?
2c05172
In base 8, what is 235112162 + -1?
235112161
In base 6, what is -40420343010 + 3?
-40420343003
In base 4, what is 10222310322332 - 2?
10222310322330
In base 2, what is -111001110101011010 + -1110000010?
-111010000011011100
In base 7, what is 35 + -56613231?
-56613163
In base 15, what is -21c9 - -b9?
-2110
In base 3, what is -210202222122121 + 2001?
-210202222120120
In base 11, what is a - 266549?
-26653a
In base 13, what is 4 - -30235c?
302363
In base 14, what is 15 + 21bbcc?
21bc03
In base 7, what is 20201564 + 12?
20201606
In base 16, what is -8cf - -2d25?
2456
In base 6, what is 1011201 + 422?
1012023
In base 16, what is 1 + 8214ae?
8214af
In base 7, what is 4310 - 6266?
-1656
In base 12, what is 22323 + 4892?
26bb5
In base 13, what is -10b9b + -6b2?
-11580
In base 3, what is 11 - -12221212221012?
12221212221100
In base 4, what is -113201030200 - 1000?
-113201031200
In base 14, what is 261b38 + a7?
261c01
In base 5, what is 330104343 + 22?
330104420
In base 4, what is -212121231120 + 3?
-212121231111
In base 14, what is 3 - 15d34a?
-15d347
In base 16, what is 56c7d3 - 6?
56c7cd
In base 9, what is 12787 - 3355?
8432
In base 2, what is -10000010001000010001111 - 101?
-10000010001000010010100
In base 3, what is 11200000202222202 + -11?
11200000202222121
In base 16, what is f10a0 + d?
f10ad
In base 5, what is -101211 + 230322?
124111
In base 4, what is 11113212 + 320?
11120132
In base 2, what is 100100 - 110010000010001010010101?
-110010000010001001110001
In base 16, what is 56 + -1aeb?
-1a95
In base 13, what is 8bbb + 1591?
a47c
In base 15, what is -1d862 - -17?
-1d84a
In base 10, what is 514 - 211648?
-211134
In base 14, what is -4 - -15c3?
15bd
In base 10, what is -149962611 - -2?
-149962609
In base 5, what is 11423032 + -343441?
11024041
In base 2, what is -11 + -100001101110011110011111010?
-100001101110011110011111101
In base 12, what is -99 - -101238?
10115b
In base 16, what is -2f6bc7 - -ac?
-2f6b1b
In base 7, what is 162 - -26164?
26356
In base 10, what is 24087 - -10037?
34124
In base 4, what is -2 - -10210120031302?
10210120031300
In base 2, what is -11000 + -1000100011000110100011?
-1000100011000110111011
In base 6, what is -251404 + -312331?
-1004135
In base 8, what is -163121 + 14?
-163105
In base 10, what is 4825534 - 2?
4825532
In base 14, what is 4 - 12620ac?
-12620a8
In base 15, what is 1ad - -332?
4e0
In base 13, what is -43c4 - 2333?
-6727
In base 10, what is 297307 - 5?
297302
In base 4, what is -100023102 - -3112?
-100013330
In base 15, what is 1c - -ad66?
ad83
In base 3, what is 2211011 - -1122122?
11110210
In base 11, what is -218 + 87085?
86968
In base 6, what is 1133 - -322512?
324045
In base 12, what is 28 - -296094?
296100
In base 15, what is 32 - -537d?
53b0
In base 10, what is -149458 - -6457?
-143001
In base 10, what is -499 - 55522?
-56021
In base 12, what is -1a19 + 4169?
2350
In base 12, what is -211903 + 46?
-211879
In base 6, what is 1 - -445330021?
445330022
In base 5, what is -242 - 2103122?
-2103414
In base 12, what is -63a881 + -2?
-63a883
In base 6, what is -1 + -11123515511?
-11123515512
In base 13, what is -17ca5 + 1157?
-16b4b
In base 9, what is 158452 - 134?
158317
In base 11, what is -1488 + 1a96?
609
In base 10, what is 9883510 + -4?
9883506
In base 7, what is -13 - 302241?
-302254
In base 15, what is 2371522 + -6?
237151b
In base 6, what is 25033025 + -104?
25032521
In base 6, what is -423014300 - 4?
-423014304
In base 8, what is -252461451 - 0?
-252461451
In base 2, what is 111111011 + -101011000001000?
-101010000001101
In base 7, what is -1321361 - 2063?
-1323454
In base 5, what is -221301141 + -1?
-221301142
In base 14, what is -2141 - -688?
-1897
In base 2, what is 1001100001010100001011110001 + 100?
1001100001010100001011110101
In base 2, what is -101 - -110101010000000001100?
110101010000000000111
In base 11, what is 368 + -100a9?
-a841
In base 8, what is 1661 - 321353?
-317472
In base 6, what is -533550 - -222?
-533324
In base 8, what is -4 + 3232577411?
3232577405
In base 14, what is 1 + 1da12c3?
1da12c4
In base 9, what is -851 - -74177?
73226
In base 4, what is 1212301310 + 13?
1212301323
In base 2, what is 1 + -10010101001110000001101?
-10010101001110000001100
In base 16, what is 121923 + -4?
12191f
In base 16, what is -4e - -4da27?
4d9d9
In base 5, what is -224340111442 - 4?
-224340112001
In base 15, what is 6e03 - 17b?
6c77
In base 10, what is -364013872 + -3?
-364013875
In base 12, what is 9914 - 6293?
3641
In base 9, what is 5 - -2276324?
2276330
In base 3, what is -2012 - 201211211200?
-201211220212
In base 7, what is -5114224 - -23?
-5114201
In base 4, what is 101230021101330 - 10?
101230021101320
In base 13, what is 17ab5 + -313?
177a2
In base 15, what is 64a - -1bb9?
2314
In base 3, what is 10 - 2200222100011?
-2200222100001
In base 5, what is 1444 + -11003402?
-11001403
In base 10, what is 11 + 75308389?
75308400
In base 10, what is 195 - -454982?
455177
In base 12, what is -4 - 165b59?
-165b61
